 Let x be l(-3). Let p = -97 + x. Calculate the greatest common divisor of p and g.
13
Let k = -19 + 9. Let l = 28 + k. Let i(x) = -x**2 - 2*x + 17. Let o be i(-5). Calculate the greatest common divisor of o and l.
2
Suppose 0 = 5*l, 2 = 5*q + 3*l - 3. Suppose p = -q, -5*p + 30 = 2*w - 29. Let s be (-478)/(-10) + 1/5. Calculate the highest common divisor of s and w.
16
Let k(l) = 2*l - 3. Let i be (-8)/3*6/(-4). Let x be k(i). Let d be (-1)/x - 1089/(-45). Calculate the greatest common divisor of d and 8.
8
Let k(u) = -6*u - 5. Let v be k(-2). What is the greatest common divisor of 217 and v?
7
Let d(g) = 4*g + 72. Let a be d(-21). Let m = 64 + a. What is the greatest common divisor of m and 13?
13
Let a(y) = 4*y + 16. Let p be a(-1). What is the greatest common factor of 804 and p?
12
Suppose 5*z + 6 = -c, 2*z = -2*c + 7*z + 33. Let g = 9 - c. Suppose 5*d + 4 = y + 15, g = -2*y + d + 14. What is the greatest common factor of 6 and y?
3
Let f be (38/6 + -6)*2838. What is the highest common divisor of f and 43?
43
Let k(j) = -j**3 - 7*j**2 + 2*j - 28. Let w be k(-8). Suppose -3 = 5*a + 7. Let g be (a - -3)*w/2. Calculate the highest common factor of g and 50.
10
Suppose -w - 42 = -f, 52 = -w - 5*f + f. Let m = -35 - w. Suppose 2*o - 247 = -3*p, 0 = -5*o + 5 + 5. What is the greatest common factor of m and p?
9
Let j be (-9)/((70/690)/(-7)). What is the greatest common factor of j and 27?
27
Let d be (-2702)/(-8) + 9/36. Suppose -d = v + 63. Let y = -214 - v. Calculate the highest common divisor of 17 and y.
17
Let w = -207 + 139. Let i be (w/12 - -3)*108/(-8). What is the highest common factor of 54 and i?
18
Let h(s) = s**3 - 2*s + 4. Let r be h(-3). Let g = -3 - -1. Let w be g/(-6) - r/3. What is the greatest common factor of 54 and w?
6
Let k be 6/(-9) + (-3040)/(-6) + -2. Suppose -5*f + k = 9*f. What is the greatest common factor of f and 48?
12
Let j = -29 - -49. Let i be (-2655)/(-75) + 4/(-10). Suppose i = n - 5*r, -n = -0*r + r - 53. What is the highest common divisor of n and j?
10
Let b = 12 + 469. What is the greatest common factor of b and 37?
37
Let f(n) = -2*n + 20. Let c(l) = -2*l + 20. Let z(o) = 5*c(o) - 4*f(o). Let i be z(-16). Calculate the highest common divisor of 8 and i.
4
Let w = -122 - -144. Let k = 138 + -94. Calculate the greatest common factor of k and w.
22
Let u(t) = 14*t - 295. Let n be u(38). Calculate the greatest common factor of 79 and n.
79
Suppose 4*m = r - 17, -2*m = -5*r + 3*m + 40. Suppose 4*u - 48 = 4*c, 0*u + 4*c = r*u - 55. What is the highest common factor of 56 and u?
7
Let t be ((-5)/20 - 25686/(-24)) + -3. What is the greatest common factor of 97 and t?
97
Let p(b) = b**3 + 20*b**2 + b + 24. Let t be p(-20). Suppose -5*j - r = t*r - 500, 3*j = r + 320. Calculate the highest common factor of j and 15.
15
Let m be (-18 - (-1136)/64) + (-1906)/(-8). What is the greatest common factor of m and 1547?
119
Let a(x) = 1. Let o(l) = -3*l - 15. Let s(n) = 60*a(n) + 4*o(n). Let m be s(-1). Calculate the highest common factor of m and 108.
12
Let v(q) = -6*q**2 + 144*q + 91. Let c be v(24). What is the highest common divisor of 28 and c?
7
Let c(y) = -19*y - 4. Let b be c(-6). Let j = -11 - -8. Let a be j/(-6 - -3) - -21. Calculate the highest common factor of b and a.
22
Let a = 323 + -67. Calculate the highest common factor of 16 and a.
16
Let h = -609 - -641. Calculate the greatest common factor of 56 and h.
8
Let v(s) = 167*s**2 + 2*s - 1. Let y be v(1). Let r(i) = i**2 + 4*i + 3. Let n be r(-7). Calculate the highest common divisor of y and n.
24
Let b be (-5)/(-6) - 13787/(-102). Calculate the highest common divisor of b and 102.
34
Let z(d) = -3*d - 16. Let u be z(-7). Suppose -3*r + 23 = -2*r - 5*b, -4*b = -u*r + 73. Suppose 2*a = 1 + r. What is the highest common factor of 56 and a?
7
Suppose -30 = -4*g + 2*t, 2*t - 48 = 2*g - 58. What is the greatest common divisor of g and 470?
10
Let v(m) = m**2 + 3*m + 5. Let f be v(-4). Suppose -4*d + r + 176 = 0, d + 0*r - 44 = 2*r. Let c = -41 + d. Calculate the highest common divisor of f and c.
3
Let w be (-746)/4*(-11 - -13). Let f be w/2 + (-4)/(-8). Let n = 339 + f. Calculate the greatest common factor of n and 17.
17
Suppose 26 = 2*d - 2*g, -4*d + 2*g - 4 + 48 = 0. What is the highest common divisor of d and 57?
3
Suppose 27*t + 0*t = 6237. Let q be (-1 - -10)*14/6. What is the greatest common factor of q and t?
21
Let p be 6*((-85)/75 - (-1)/(-5)). Let c be (-12)/p*136/6. What is the highest common factor of c and 85?
17
Suppose 3*k - 4*k + 3*o + 9 = 0, 3*o - 21 = -k. Calculate the greatest common factor of 18 and k.
3
Suppose 43*k - 425 = 38*k. Calculate the highest common divisor of 5 and k.
5
Let r be (-5)/(-25) + (-22)/10. Let f(s) = -8*s**3 - s + 2 + 0 + 1 - 4. Let c be f(r). What is the highest common factor of 13 and c?
13
Let z = -1 - -9. Suppose -7*j = -3*j - z. Suppose 63 - 11 = 4*f + y, -2*f = -j*y - 16. What is the highest common factor of f and 4?
4
Let i be ((-5)/2)/(-5)*-12. Let t be (-40)/i*(-576)/(-15). What is the highest common divisor of 32 and t?
32
Suppose -5*a + y + 17 = 0, 3*a - a - y - 8 = 0. Suppose -52 = -7*s + a*s. Let v be 15 - (-2)/(0 + -1). What is the greatest common divisor of s and v?
13
Let n(l) = 90*l**3 - l + 1. Suppose -m + 3*m - 10 = 0. Suppose 4*f - m = -f. Let z be n(f). What is the greatest common divisor of 10 and z?
10
Let x(l) = l - 13. Let g be x(9). Let c be ((-2)/g)/((-3)/(-84)). Let i(s) = 3*s**2 - s - 4. Let p be i(6). What is the highest common factor of c and p?
14
Suppose n = -0*n + 7. Let z(r) = 9*r**2 - 7*r + 13. Let y be z(2). What is the greatest common divisor of y and n?
7
Let t be (14/3 - 1)*-3. Let u(b) = 2*b + 91. Let i be u(-26). Let g = t + i. What is the greatest common divisor of 196 and g?
28
Suppose -5*r + 928 = -r. Suppose -2*l + 5*n = -130, -4*n = 4*l - 0*l - r. Let w be 1 - (-13 - 0 - 1). What is the highest common factor of l and w?
15
Let x be (-9 - 0)/(18/(-264)). Suppose 0 = 2*w - 3*w - 116. Let j be w/(-10) - (-6)/15. Calculate the highest common divisor of j and x.
12
Let s(a) = 20*a**2 - 3*a - 6. Let m be s(-2). Let l be m/6*18/4. Calculate the highest common divisor of l and 75.
15
Let i = 741 - 666. Suppose -5*b = -0*b. Suppose -2*o + o + 50 = b. Calculate the greatest common factor of o and i.
25
Suppose -4*x = 250 + 346. Let v = -115 - x. Calculate the greatest common factor of 51 and v.
17
Let c(v) = 3*v**2 + 8*v - 1. Let o be c(-7). Let x be 960/105 + 12/14. Calculate the greatest common divisor of o and x.
10
Suppose -5*l + 6*l - 154 = 0. Calculate the greatest common divisor of 22 and l.
22
Let j(s) = s**3 - s + 14. Let m be 1/(-4) + 8/32. Let w be j(m). What is the greatest common divisor of 154 and w?
14
Let j be 50/4*(-112)/(-10). Let b = 77 - 21. What is the highest common factor of j and b?
28
Let d(j) be the second derivative of 2*j**4/3 + j**3/2 - 2*j. Let z be d(3). Suppose -4*b + 3*b = -z. Calculate the highest common divisor of b and 9.
9
Let x be 4/(-20) + 2112/(-15). Let f = -77 - x. What is the greatest common factor of f and 4?
4
Let d be (11/(66/9))/((-3)/(-112)). Let s be 4 + -2 + 2 + 388. Calculate the greatest common factor of d and s.
56
Suppose i = -3*c + 127, -5*c = -5*i + 155 + 500. Suppose -3*k + 15 = 0, -i = l - 4*l + 4*k. What is the highest common divisor of l and 125?
25
Suppose 4*z - 114 = 7*m - 9*m, -z + 2 = 0. What is the highest common factor of 477 and m?
53
Let b = -1324 + 2127. Calculate the greatest common divisor of b and 73.
73
Suppose 0 = 2*a - 0*a - 118. Let n be (15/(60/1888))/1. What is the greatest common divisor of n and a?
59
Let r(k) = -k**3 + 11*k**2 - 10*k + 2. Let f be r(10). Let c be 2/f*(7 + -5). Suppose 0 = -4*i + 42 + c. Calculate the highest common factor of i and 22.
11
Let c = 112 + -109. Let t be 29 - 3/(c + -2). Calculate the highest common divisor of t and 78.
26
Suppose 0 = -0*l - l + 3. Suppose 0 = -4*g + 3*g + l. Let u(j) = 6*j**2 + 3*j + 3. Let y be u(-2). Calculate the highest common factor of g and y.
3
Let r(k) = 3*k**2 + 3*k - 5. Let b be r(4). Calculate the greatest common factor of b and 198.
11
Let q be 37/3*1*(-36)/(-6). Let u = 83 - q. Calculate the highest common divisor of 63 and u.
9
Suppose 